(16 - (19 - 37)))?
-26
54 - -24 - 63 - 86
-71
What is the value of -2 + -2 - (-81 + 23 + 48)?
6
What is the value of (-9 - 0) + 5 + (33 - 16 - 24 - 44)?
-55
Evaluate (-196 - -200) + (0 - 18) - (28 - 50).
8
What is 37 + -2 - (841 - 814)?
8
Calculate (-2 - -78) + -2 + (90 - 107).
57
((17 - (-42 - -44)) + (4 - -2) - 8) + 111
124
(-102 - -131) + 63 - (20 + -2)
74
What is 50 - (-44 - (97 - 79))?
112
Evaluate 17 + 7 + 89 + -114.
-1
Evaluate -11 + (21 - (84 + -57) - (1 + 32)).
-50
-15 - ((-8 + 4 - 5) + -2) - 52
-56
What is the value of 6 + -7 - 37 - (140 - 114)?
-64
What is the value of (29 - 20) + -26 + (9 - 4) + -5?
-17
Evaluate (43 - (-113 - -183)) + 128.
101
4 + 1 - (16 - (-91 + 49 - -147))
94
What is the value of -41 + (40 - 53) + 11?
-43
Evaluate (-18 - 76) + -7 - -40.
-61
What is 1 + -47 - (184 + -234)?
4
61 + -59 - (5 + 2) - -26
21
What is the value of (14 - -55 - 68) + (1 - -4 - -2)?
8
What is the value of -90 + (0 - -2) + (715 - 728) + (-1 - -27)?
-75
71 + -2 - -1 - (-126 + (258 - 116))
54
What is the value of (-6 - -54 - 4) + -42?
2
Evaluate (66 - 16) + (2 + (3 - 4) - 4) + -5.
42
Evaluate (540 - 508) + 93 + -7 + 14.
132
Calculate (-1 + 0 - 1) + -7 + (162 - (317 - 164)).
0
(153 - 126) + (6 - 54 - 6)
-27
Evaluate (7 - 6) + -4 + (10 - (-9 - -14 - -8)).
-6
What is (19 - (0 + -2 - -6 - -2)) + 21 + -135?
-101
Calculate 146 + -180 - (1 + -50) - (4 + 0) - -4.
15
Evaluate 28 - (29 - ((-9 - -13) + 8)).
11
Calculate 101 + -69 + 112 + -47.
97
What is (-515 - -506) + (-2 - -40) + (9 - 8)?
30
Evaluate ((-36 - -37) + (-1 - 2) - -10) + -8 + -29.
-29
0 + (5 + -1 - 1) + 18 + -48 + 37
10
Evaluate (31 - 29) + (-8 + 1 - (-73 + 71)) - 18.
-21
Calculate (-22 - (2 - -1)) + (8 - -5) - (-66 + 4).
50
What is -30 + (17 - -2) + -10 - -11?
-10
(101 + 2 - (-131 + 180)) + 0 + -16
38
84 + -192 + 82 + 19
-7
What is -1 + (21 - 1) - (-1513 - -1580)?
-48
(-19 + (2 - -3) - 8) + 20 + 96
94
Evaluate 20 + (2 - (28 + -4)) + 0 + -15 - 2.
-19
Calculate -9 + (11 - 30) + 23 - -50.
45
What is 16 - (16 + (14 - 22) + -10)?
18
40 + 5 + -20 + -10 - (-1 - -17)
-1
95 + (3 - (-31 + 23 + 13 + 0 + 2))
91
What is (-5 - 10) + 14 + (11 + -1 + -115 - 12)?
-118
Calculate (116 - 126) + (-2 - 0 - 5) + 142 + -3.
122
What is -22 + (2 + (-28 - -12) - -49)?
13
1 - (-9 + 19 + -1) - (1 - (-5 - -5))
-9
Calculate 50 + -49 + (-2 - -2) + (1 - -22).
24
Evaluate 14 + -12 + 24 + -41 + 26.
11
Calculate -40 + ((9 - (5 + -9)) + -1 + -5 - -2).
-31
What is 7 + -1 + 64 + (26 - 51) + 3?
48
Calculate -72 + 218 + -100 - (1 + -24).
69
What is 384 + -658 - -229 - ((-1 - -7 - -2) + -1)?
-52
What is (-95 + 265 - -5) + -70?
105
What is 1 + 72 - (9 + (-7 - -7) + -14)?
78
(-199 - -198) + (4 - (1 + -2)) + 28
32
8 + -114 + -66 + 94 - (-2 + (-2 - 1))
-73
(-1 - 62) + 1 + 7 + (105 - 104) - -5
-49
(-9 - 0) + (44 - (166 - 86))
-45
What is 10 + 5 + 3 - (-14 - 2) - -16?
50
Calculate (-9 - -94 - 62) + -55.
-32
Calculate 3889 + -3938 - (60 - 3).
-106
Calculate (14 - (-5 + 2)) + -12 - (49 - (-1 - 0)).
-45
257 + -214 - (-3 + 9 - -8)
29
What is the value of -10 + (28 - -8) + -14 + -17?
-5
What is -29 - ((-12 - -33) + -12 + 40)?
-78
What is -45 - (-7 - 27 - 2)?
-9
What is -82 + (-5 + 36 - 16)?
-67
What is the value of (176 - 15 - 141) + (2 - -9) + -1?
30
What is -27 + -3 + -975 + 1010?
5
Evaluate 4 + (45 - (-2 + 5)) + (7 + 3 - 2).
54
Calculate -52 + -1 + (7575 - 7501).
21
What is -170 - -85 - (-52 + -11)?
-22
What is (8 - 16) + 6 - (-9 + (61 + -9 - -9))?
-54
7 - (15 + (1 + (1 + 0 - 5) - -10))
-15
What is the value of (34 + -2 - (244 + -248)) + -60?
-24
Evaluate -129 - ((13 - 7) + 18 - (-4 - -7)).
-150
Evaluate (-109 - 55 - 90) + 161.
-93
-7 + -2 - (-29 + -5 + (6 - 15 - 7))
41
Evaluate -2 - (-115 + 2) - (110 - (-158 + 261)).
104
What is 18 + (-8 - 22) + 16 + -23?
-19
What is 9 - 0 - ((11 - 18) + -8 - -20)?
4
Calculate -13 - (28 - -16) - -63.
6
Calculate 91 + -54 + 51 + -102.
-14
Calculate -92 + 65 + -7 + 13 + 21.
0
Calculate 16 + 25 + -39 + 2 + (-5 + 1 - -9).
9
Calculate 428 + -455 + 1 + -6.
-32
What is the value of 1 + 51 + -571 + 445?
-74
6 - (-94 - (11 + -11) - (0 + -9)) - -1
92
Calculate -76 + 60 - (-29 - -17).
-4
Evaluate 7 + (53 + -51 - 59).
-50
What is the value of (-11 + 4 - 21) + 667 + -670?
-31
Evaluate (-1024 - -1047) + 1 + -47.
-23
What is 82 - (30 + 1 + -8 + -26)?
85
What is the value of 1 + (30 - (154 - 23)) + 11?
-89
What is the value of 11 + 3 + -5 + (21 - (16 + 147)) + -2?
-135
-55 + 34 + 0 + -7 + -56 + 0 + 10
-74
151 + (-22 - 75) + -53
1
-625 + 620 - (1 + -5 - -9 - 0)
-10
Evaluate 9 - (-48 + 44) - 34 - (-159 - -2).
136
What is -29 + -7 - (-13 - ((-14 - -9) + -8)) - 3?
-39
Evaluate (-25 - 36) + 10 - -37 - (50 - -1).
-65
What is the value of -192 + 86 - (6 - 35)?
-77
Calculate 2 - ((13 - -1) + (-17 - -41) + -55 + 27).
-8
What is the value of -89 + (23 - -45) + -1 + 24?
2
-15 - -13 - -10 - ((54 - 3) + 6)
-49
Calculate -1 - 15 - (609 - 607) - -70.
52
What is the value of (-53 - -100) + -56 - 82?
-91
What is 4 + 34 + (-5 - 115 - -18)?
-64
5444 - 5470 - (34 - -1)
-61
What is -96 + (-1 - -17) + 1 + -12?
-91
83 + -106 + (-4 - -3 - 4)
-28
What is the value of -7 - 5 - (1 + 17)?
-30
3 + 5 + -2 + -38 + -342 + 329
-45
What is -36 + 3 + 29 - (-15 - (0 - -3))?
14
What is -9 - (-5 + 4) - (1 - (10 - 44))?
-43
Calculate -442 + 477 + 2 + -16.
21
What is the value of 21 + 41 - (-2 - 9) - 20?
53
-46 + (-367 - -344 - (-33 + -2))
-34
Calculate 37 + 4 + -2 + (-7 - -13) + 0.
45
Evaluate (-7 - (5 + -13)) + (43 - (15 + (-14 - -11))).
32
What is the value of (3 - (5 + (-5 - -8))) + 22 + -1?
16
What is (-7 + 2 + 7 - 15) + 2 - (-1 - 53)?
43
15 - (-26 + 43) - (1 + 8)
-11
What is the value of (69 - (143 - -3)) + 41?
-36
What is the value of (-23 + 10 - -4) + (5 - 2) + 1 + 26?
21
What is (10 - (-11 + (13 - 11) - -13)) + 16?
22
What is the value of 97 + -86 + -2 + -58 - (0 + 7)?
-56
Calculate -1 + -71 + 174 + -54.
48
What is the value of 23 + (9 + -28 + 10 - 15)?
-1
17 + 24 + (165 - 153)
53
Evaluate -36 + (-15 - -13) - (0 + 9 - 19).
-28
-30 + (-25 - (-5 - 18) - (-1 + 2))
-33
Calculate -5026 + 5087 + (1 - (-3 + 2)).
63
Evaluate -1 + -1 + 1 + (10 - (22 + -52 - -9)).
30
Evaluate -44 + (29 - 15) + (-3 + -9 - 4).
-46
Evaluate 99 + -66 + 23 + -9 + 27.
74
Calculate -39 + 74 + (-18 - 86) + 23.
-46
Calculate 48 - (-18 - -154) - -25.
-63
Evaluate -22 + 32 + -85 + 14.
-61
Evaluate (8 + -6 + -6 - (-40 - -47)) + -88.
-99
Evaluate -55 - (-4 + (3 - 2) + 3) - (-169 - -180).
-66
What is -4 + 0 + 6 + 1 + -36 + -79 + 97?
-15
What is -25 + 10 - -8 - -15 - (89 - 16)?
-65
What is -995 + 1125 - (97 - 3)?
36
What is -6 + -2 + 14 - (81 + (8 - (19 + -9)))?
-73
Evaluate 1 - -62 - (-9801 - -9922).
-58
Evaluate 12 + (13 - 24 - 2 - -11 - -4).
14
Calculate (-39 - -13) + (-43 - 2).
-71
-446 + 439 + (0 - 27) + 141
107
Calculate 5371 - 5361 - (3 + 71 - -2).
-66
Evaluate (-54 - (-109 - -87)) + 15.
-17
Calculate 97 - (28 + 24 + (-16 - 30)).
91
Calculate 61 + -6 + (-18 + 11 - -20) + -18.
50
What is the value of 17 + -57 + 44 + -29?
-25
Evaluate 9 + 14 + 5 - (-1 + (7 - 7)).
29
What is the value of 18 - ((1602 - 1569) + 1 + -45)?
29
Evaluate (2 - -50 - 47) + (-56 - -4).
-47
Evaluate -56 - -314 - 247 - (0 + 21 + 0 + -2).
-8
What is -22 - ((-1 - 0) + -76 + 81)?
-26
What is the value of 35 + -51 + -8 + 14?
-10
Evaluate (-54 + -39 - -10) + 40.
-43
What is the value of -53 - 10 - (17 + -10 + -48 + 23)?
-45
What is (-77 - -48) + -36 + 45 - (2 + 53)?
-75
Calculate (-32 - -76) + -28 - (-10 + -4 + 2).
28
Evaluate -2 + 12 - 5 - (1 + -2 + -39 + 5).
40
What is (15 - 5 - 22) + 15 - (-23 - 82)?
108
Evaluate -4 + 0 - -31 - (-4 - -2 - -5).
24
What is 11 - (1 - (-21 - (-17 - -9) - -39))?
36
Evaluate 1 + -1 - (151 + -80 + -62).
-9
What is -42 - (-5 - (-12 - (20 + 4)))?
-73
What is the value of -135 - -107 - (-16 - 70)?
58
Calculate (9 - (-95 - 7)) + (-598 - -557).
70
Calculate 57 - 19 - 24 - (5 + -40 + -4).
53
What is the value of -8 - (11 + 37 - 91)?
35
What is the value of (-2 - (-41 + (16 - 8))) + 22?
53
Evaluate (6 + (103 - 3) - -4) + 13 + 14 + -30.
107
What is the value of (10 + -22 - -12 - 41) + -14?
-55
Calculate (16 + -9 - (17 - 18 - -11) - -9) + 45.
51
What is the value of ((3 - 1) + -31 + 6 - (-4 + -2)) + 9?
-8
Evaluate (722 - 776) + 50 + 14.
10
(26 - (-8 + (-13 - -11)) - 14) + -1
21
119 + -1 - (516 +